 + -204?
-45
In base 9, what is 870017 - -4?
870022
In base 15, what is -4 + 8c303?
8c2ee
In base 3, what is 21222101 + 2020?
22001121
In base 16, what is -3 - 1016?
-1019
In base 15, what is 540a - -1?
540b
In base 8, what is -12 - -142736?
142724
In base 8, what is 31 - 1217262?
-1217231
In base 3, what is -111222 + -2201?
-121200
In base 7, what is -1044 + -112020?
-113064
In base 16, what is 16 - 11d3?
-11bd
In base 7, what is 66066 - -250?
66346
In base 14, what is 150 + 73?
1c3
In base 2, what is 1000110110 - 1010010?
111100100
In base 5, what is 1022 + -123242?
-122220
In base 10, what is 319 + -13120?
-12801
In base 9, what is -3 - 14246?
-14250
In base 6, what is -40515 - -113?
-40402
In base 12, what is -1457 - 95?
-1530
In base 10, what is -25 + -14236?
-14261
In base 10, what is -2 - -33?
31
In base 13, what is -4 + bbb3?
bbac
In base 9, what is 314 - -6217?
6532
In base 13, what is -4c5 + 621?
129
In base 2, what is -1101011010101010 + 101?
-1101011010100101
In base 10, what is -2 + -7968?
-7970
In base 5, what is -411200 - 21?
-411221
In base 14, what is -17 + 2254c?
22535
In base 6, what is -5 + 323554?
323545
In base 10, what is 1026 + 27?
1053
In base 9, what is 274118 - -3?
274122
In base 6, what is -14414041 - -5?
-14414032
In base 6, what is 230322 - 11?
230311
In base 5, what is -214304232 - 4?
-214304241
In base 16, what is 54 + 3f?
93
In base 9, what is -7 + 18331?
18323
In base 9, what is 15 + 12617?
12633
In base 9, what is 0 - -73664?
73664
In base 6, what is -34525230 + 2?
-34525224
In base 8, what is -37 + 2110?
2051
In base 12, what is 25 + 252?
277
In base 5, what is -1 + 1244?
1243
In base 14, what is -4 + 5469?
5465
In base 4, what is -3 - 101010220?
-101010223
In base 7, what is -13410 + 235?
-13142
In base 4, what is 11 - -2332302?
2332313
In base 12, what is 6470 - -20?
6490
In base 14, what is 51c - -364?
882
In base 13, what is -2315 + 4?
-2311
In base 10, what is -559 - 1216?
-1775
In base 7, what is -2003 - -50?
-1623
In base 2, what is 1001111 + 1010111101100101?
1010111110110100
In base 6, what is 5451 + 521?
10412
In base 12, what is 51 + -164?
-113
In base 15, what is -49432 - 2?
-49434
In base 16, what is -41 + 6017?
5fd6
In base 9, what is 142 + 44628?
44771
In base 4, what is 1 - 1030101?
-1030100
In base 5, what is -100011424 + 1?
-100011423
In base 8, what is 4 + -604061?
-604055
In base 10, what is 6 - 27562?
-27556
In base 9, what is -37620 - -14?
-37605
In base 16, what is 1d6a2 - 5?
1d69d
In base 4, what is 10 - 13113?
-13103
In base 15, what is -9ec - -e0?
-90c
In base 7, what is -114 - 22626?
-23043
In base 14, what is -3 + 8db96?
8db93
In base 4, what is -1200 - -3030132?
3022332
In base 5, what is -243104 - -220?
-242334
In base 15, what is 5367 - 8?
535e
In base 6, what is 10 + -5405034?
-5405024
In base 13, what is 5 - 51ac?
-51a7
In base 12, what is 35 - 319?
-2a4
In base 16, what is -2 + 8aef1?
8aeef
In base 5, what is -21313 + 1444?
-14314
In base 2, what is -11101 - -111111001110011?
111111001010110
In base 4, what is -22210 + 22332?
122
In base 7, what is 640 - 10?
630
In base 12, what is 64 - 1ab5a?
-1aab6
In base 14, what is -450 + 13b7?
d67
In base 14, what is 8008 + 4?
800c
In base 14, what is -bd9a - -2?
-bd98
In base 7, what is -1521 - 600?
-2421
In base 9, what is -1353 + -36?
-1400
In base 2, what is 100 - 10111101010101010?
-10111101010100110
In base 9, what is -4267 + 441?
-3726
In base 7, what is 22511252 - -2?
22511254
In base 15, what is -1 + -2b564?
-2b565
In base 3, what is 0 - -121020110?
121020110
In base 16, what is -6 + -21d?
-223
In base 15, what is -a + 263?
258
In base 14, what is -b + -981c?
-9829
In base 8, what is 24 + -56?
-32
In base 16, what is 6 + cb59?
cb5f
In base 12, what is -671a + 20?
-66ba
In base 6, what is -1215233 + 12?
-1215221
In base 3, what is 102 + 1200200211?
1200201020
In base 6, what is 415 + -14?
401
In base 15, what is -87 + -167?
-1ee
In base 5, what is 111043 + -1141?
104402
In base 11, what is -2 - 799162?
-799164
In base 11, what is 118 + -34?
94
In base 11, what is -1 - 16951?
-16952
In base 12, what is -46575 - 3?
-46578
In base 15, what is -431 + -aee?
-1030
In base 12, what is 1 + -13795a?
-137959
In base 4, what is 22210121 + -10?
22210111
In base 13, what is 9a + c6b?
1038
In base 5, what is -4 - 120010?
-120014
In base 15, what is -71d4c - -3?
-71d49
In base 10, what is -689 + 518?
-171
In base 13, what is 10a42a8 + 2?
10a42aa
In base 9, what is -5 - 367112?
-367117
In base 4, what is -20030 + -31?
-20121
In base 7, what is 1 - 145154?
-145153
In base 9, what is -5 + 6826?
6821
In base 13, what is 3 - 98b4a?
-98b47
In base 3, what is 12 + 210112101?
210112120
In base 2, what is 0 - 100000010110010?
-100000010110010
In base 3, what is -10011 - -10212?
201
In base 8, what is 6674 + -261?
6413
In base 15, what is 124d + 46?
1294
In base 10, what is 11652 - 35?
11617
In base 4, what is -100030 - 20222?
-120312
In base 8, what is 712515 - 0?
712515
In base 16, what is 13 - f5?
-e2
In base 3, what is 1121211000 + 1022?
1121212022
In base 15, what is 95 - -3d?
d3
In base 8, what is -5 + -37331?
-37336
In base 10, what is 32 + -636?
-604
In base 15, what is -1 - -1ae00?
1adee
In base 15, what is -952be - -2?
-952bc
In base 13, what is -59 + 375?
319
In base 13, what is -16c - -4825?
4686
In base 12, what is 1 + 12403?
12404
In base 7, what is 3 + -152333?
-152330
In base 10, what is -153 + -11153?
-11306
In base 15, what is 85402 + 3?
85405
In base 8, what is 3 - 1077136?
-1077133
In base 10, what is -4302 + -137?
-4439
In base 7, what is -4413 + -2425?
-10141
In base 7, what is 2062415 - -6?
2062424
In base 12, what is 52 + 141?
193
In base 13, what is 50 + 2b82?
2c02
In base 4, what is 33021 - 1001?
32020
In base 12, what is -11860 - 12?
-11872
In base 8, what is -306777 - 1?
-307000
In base 16, what is d - 40fd?
-40f0
In base 9, what is 1223036 + 1?
1223037
In base 6, what is 25 + 134514?
134543
In base 16, what is -7 + -4afe?
-4b05
In base 12, what is -10 - 80b?
-81b
In base 4, what is 110331 + 20312?
131303
In base 14, what is -16 + -11b5?
-11cb
In base 2, what is -1011 + -11000001001?
-11000010100
In base 13, what is -4 + c0c2?
c0bb
In base 4, what is -213323 - 311?
-220300
In base 8, what is 224360 + -5?
224353
In base 16, what is d77df + 2?
d77e1
In base 10, what is 6618 - -64?
6682
In base 4, what is 102123230 - 1021?
102122203
In base 3, what is 11201 - 20100102?
-20011201
In base 9, what is -126 - 2233?
-2360
In base 4, what is -1132311 - 1302?
-1200213
In base 6, what is -1045 + 10024?
4535
In base 2, what is -101010 - 111000101011?
-111001010101
In base 11, what is -17a171 + 0?
-17a171
In base 2, what is -1100000101100 - 101?
-1100000110001
In base 12, what is -483 - 20?
-4a3
In base 3, what is 2120120000 + 0?
2120120000
In base 11, what is 9 + 13346?
13354
In base 11, what is -10 + -1961?
-1971
In base 7, what is -112515 - 2?
-112520
In base 3, what is 10 + 1101112121?
1101112201
In base 15, what is -4e - 2ee?
-34d
In base 11, what is 231 + -1698?
-1467
In base 7, what is -41400624 + 0?
-41400624
In base 12, what is -926 + 3b?
-8a7
In base 12, what is 6 + -26b26?
-26b20
In base 8, what is -2344 - -27?
-2315
In base 2, what is -10110110001010000 + 1?
-10110110001001111
In base 15, what is 3 + -5540?
-553c
In base 2, what is -1001110 - -111001101001?
111000011011
In base 10, what is -1621 - 201?
-1822
In base 7, what is 526 - -53?
612
In base 6, what is -10 + -1553?
-2003
In base 12, what is -2 + a1a75?
a1a73
In base 16, what is -3 - -2b24?
2b21
In base 11, what is -1589539 + 3?
-1589536
In base 10, what is -724 + -525?
-1249
In base 13, what is -5 + ac72?
ac6a
In base 7, what is 320242 + 12?
320254
In base 6, what is -12 - 100425?
-100441
In base 11, what is 34584 - 4?
34580
In base 7, what is -232650 + -114?
-233064
In base 15, what is 5 - -95bd?
95c3
In base 13, what is -1c49 + -a?
-1c56
In base 5, what is -134 - 102004?
-102143
In base 3, what is -10002000 + -20?
-10002020
In base 16, what is -1 - -908b?
908a
In base 2, what is -1 - 1010010010000101000?
-1010010010000101001
In base 5, what is 2 - -2200102?
2200104
In base 8, what is 3 - -1064413?
1064416
In base 12, what is 69 - 1b9?
-150
In base 7, what is 160